19d42 (base 15) to base 9.
-11138778
What is 15163367 (base 9) in base 4?
130301011120
What is 535231 (base 7) in base 6?
1554521
Convert -332443 (base 8) to base 3.
-12200111201
Convert -b3258 (base 12) to base 16.
-390a4
Convert -b51606 (base 12) to base 8.
-12661446
4630061 (base 8) to base 6
42541505
What is -90c535 (base 14) in base 10?
-4874371
What is -193497 (base 14) in base 13?
-253447
-3103240232 (base 5) to base 16
-60379c
Convert 45740157 (base 8) to base 12.
33b73a7
What is 10090514 (base 10) in base 7?
151524260
-554a8 (base 16) to base 10
-349352
Convert -22b575 (base 12) to base 7.
-4515413
1101101000111100 (base 2) to base 9
84565
Convert 2011120211002 (base 3) to base 12.
4773b5
Convert 2311132231 (base 4) to base 2.
10110101011110101101
What is -2438197 (base 10) in base 2?
-1001010011010000110101
Convert 3311304 (base 5) to base 16.
def7
Convert 255bbe (base 16) to base 13.
679512
Convert 21ccd (base 15) to base 3.
12110111011
Convert -2de4f (base 16) to base 2.
-101101111001001111
-4cd92 (base 15) to base 12
-ba492
Convert -102121212022 (base 3) to base 16.
-37dc6
Convert a7655 (base 11) to base 4.
212031201
What is 3011144 (base 7) in base 13?
c5c21
What is -3d86a (base 14) in base 9?
-252265
What is -4240102021 (base 5) in base 11?
-5035a3a
What is -1274051 (base 11) in base 7?
-24466312
Convert -20331166 (base 7) to base 2.
-110100000010010111110
331002303221 (base 4) to base 7
253005611
Convert -1110100110100000101 (base 2) to base 9.
-808302
-7283 (base 15) to base 13
-b025
Convert 15193a (base 13) to base 12.
20b835
Convert 1584603 (base 9) to base 12.
366903
Convert -2210042012 (base 5) to base 16.
-48c27e
-3141303321 (base 5) to base 2
-11001001000011000111001
Convert 625054 (base 8) to base 2.
110010101000101100
Convert -202202102221 (base 3) to base 10.
-408562
What is -4421201 (base 5) in base 13?
-28a2c
213312 (base 8) to base 9
117810
What is 303013201312 (base 4) in base 2?
110011000111100001110110
What is 438434 (base 9) in base 7?
2141020
Convert -3577820 (base 9) to base 8.
-7317420
What is 13123113 (base 5) in base 10?
129783
1a6b37 (base 13) to base 2
10100100000011110110
1401444 (base 6) to base 5
10000043
What is 23787516 (base 9) in base 6?
1053150023
-1001001100110001011111 (base 2) to base 16
-24cc5f
-b1c5 (base 13) to base 10
-24497
Convert 430075 (base 9) to base 12.
10414b
-21232013003 (base 4) to base 8
-11560703
What is -10000111001100110010 (base 2) in base 10?
-553778
-5301445 (base 6) to base 14
-6992d
Convert -157494 (base 13) to base 4.
-2001131202
What is -2448826 (base 11) in base 13?
-b60b68
Convert -627583 (base 14) to base 4.
-30223202233
Convert 21234025 (base 7) to base 16.
1b925f
-1511095 (base 11) to base 12
-a50624
Convert -2250551 (base 6) to base 7.
-660616
Convert 273715 (base 9) to base 6.
3324105
-2d65d0 (base 14) to base 3
-2222220202020
What is 10111101111001001111 (base 2) in base 5?
144342212
What is 3134013 (base 5) in base 8?
146237
What is 3ccb7 (base 16) in base 6?
5200503
22200005 (base 6) to base 8
2432105
Convert -2912172 (base 13) to base 4.
-301230301320
What is -2252134 (base 6) in base 2?
-11100010001111010
3b5a3 (base 12) to base 3
11011120020
561611 (base 7) to base 16
1830e
What is 251300513 (base 7) in base 16?
f153da
What is -100011011001100110100010 (base 2) in base 11?
-5269149
Convert -aa56 (base 14) to base 10.
-29476
-5199 (base 16) to base 2
-101000110011001
Convert -617f6a (base 16) to base 14.
-bc480a
8027ba (base 12) to base 14
39d1ca
Convert -30988 (base 10) to base 11.
-21311
What is -10b9b9 (base 12) in base 2?
-1000001101111011101
-377325 (base 8) to base 2
-11111111011010101
Convert -22387 (base 9) to base 4.
-3220312
Convert 28097b (base 12) to base 9.
1223115
141960 (base 16) to base 7
14124165
-1200b75 (base 12) to base 7
-41424200
What is -133400510 (base 6) in base 11?
-1578605
What is 114221 (base 9) in base 2?
10000110001100011
What is 21132010 (base 4) in base 6?
455324
201223101 (base 5) to base 16
c47a8
5c38c (base 16) to base 13
102c1c
21112101110 (base 3) to base 13
52644
482ac (base 13) to base 15
29300
144963 (base 14) to base 15
dda45
What is 4210421340 (base 5) in base 15?
b688b5
10ac4b (base 15) to base 13
21b35a
-581168 (base 11) to base 2
-11100001100100000101
1ab54a (base 13) to base 5
133310402
What is 709474 (base 10) in base 14?
1467aa
Convert 49718 (base 10) to base 15.
eae8
-d130b (base 14) to base 7
-4162514
Convert -85134 (base 9) to base 16.
-dbb5
3642 (base 15) to base 4
2310101
What is -232230011 (base 4) in base 3?
-100201022212
Convert 6b085 (base 13) to base 4.
233300322
What is -2700618 (base 9) in base 15?
-1e2838
-5400054 (base 6) to base 11
-170730
What is 2b933ba (base 13) in base 9?
28311284
Convert 120021021122 (base 3) to base 8.
1113012
What is -a54e9 (base 16) in base 8?
-2452351
What is 1001011011101111100101010 (base 2) in base 9?
41202728
Convert -7384943 (base 10) to base 13.
-16b74b7
22583c (base 13) to base 11
50515a
39424 (base 12) to base 9
128441
What is -405a2 (base 15) in base 5?
-23010102
-83752 (base 12) to base 6
-3404542
-830549 (base 10) to base 5
-203034144
Convert -1465070 (base 9) to base 8.
-3057327
What is -1681a2 (base 11) in base 14?
-6a958
-400562 (base 7) to base 3
-10102121122
-96a8b8 (base 13) to base 3
-20122200010121
-430321122 (base 5) to base 3
-10101211122110
34645104 (base 8) to base 11
42a0745
Convert -1210343 (base 5) to base 9.
-33888
14dbb3 (base 15) to base 9
1806226
What is 88dc1b (base 16) in base 4?
202031300123
What is 47753451 (base 8) in base 12?
3612121
Convert 111541002 (base 7) to base 16.
67c269
Convert 10343500 (base 6) to base 14.
809d2
-163324b (base 12) to base 14
-864d75
651127 (base 8) to base 13
78112
Convert -30110432 (base 6) to base 4.
-3033102110
4b5488 (base 12) to base 6
42231052
What is 2303 (base 16) in base 9?
13258
-145878 (base 10) to base 12
-70506
-320032233 (base 4) to base 13
-80aab
What is -394488 (base 12) in base 4?
-3211222220
-17611 (base 14) to base 2
-1110010110111111
What is 4210031 (base 5) in base 6?
1253131
What is -3266630 (base 9) in base 3?
-10022020201000
101100101110010110 (base 2) to base 14
4aa90
What is -1b98c33 (base 13) in base 14?
-1312423
What is 33155a (base 12) in base 2?
11000110000011010110
-2130330211 (base 4) to base 2
-10011100111100100101
-41331332 (base 5) to base 4
-1102322020
453311 (base 7) to base 13
2a7ac
What is -10104213 (base 5) in base 2?
-10011111110010000
-493b40 (base 13) to base 7
-20611102
1000110011101111001011 (base 2) to base 12
934323
What is 100255 (base 6) in base 11?
5a17
282360 (base 14) to base 15
1c68e1
Convert 45364734 (base 8) to base 5.
10003342412
Convert -1595989 (base 10) to base 13.
-43b595
11243202 (base 5) to base 8
311017
What is -1441444304 (base 5) in base 10?
-3859329
111020221202111 (base 3) to base 7
113613064
Convert 83a92 (base 11) to base 13.
4395b
Convert -10534043 (base 6) to base 8.
-1170013
Convert -2163550 (base 11) to base 15.
-4eee17
203022323 (base 4) to base 12
6b44b
Convert 20012201121010 (base 3) to base 6.
154432003
Convert -3294b (base 13) to base 15.
-1c25b
What is -475408 (base 10) in base 5?
-110203113
Convert -2d6cc (base 14) to base 11.
-785aa
Convert 110002011011002 (base 3) to base 10.
6419684
-10145223 (base 6) to base 5
-33402223
557ca (base 15) to base 13
96910
Convert -2813637 (base 10) to base 4.
-22232323011
-13585488 (base 9) to base 7
-111124202
211000010210 (base 3) to base 4
1221233220
75411 (base 16) to base 9
811726
3343005 (base 7) to base 5
101222011
Convert -355255111 (base 6) to base 2.
-11001100010100000110011
Convert -12303030023 (base 4) to base 16.
-1b330b
What is -323210212 (base 4) in base 9?
-411637
-17020421 (base 8) to base 15
-52c8d5
Convert -7615 (base 13) to base 7.
-65563
What is -37610 (base 8) in base 2?
-11111110001000
Convert 100210251 (base 6) to base 4.
12132030313
6665aa (base 11) to base 7
12014504
-12011113230 (base 4) to base 11
-99a273
What is -1088010 (base 15) in base 3?
-211020122121120
4404222 (base 5) to base 13
28516
Convert 12000102112 (base 3) to base 13.
35c24
584c27 (base 13) to base 8
7775272
Convert -25838 (base 10) to base 11.
-1845a
-1454352 (base 6) to base 8
-246374
What is -27